tens digit of 96212?
1
What is the thousands digit of 2403?
2
What is the ten thousands digit of 84381?
8
What is the units digit of 1381?
1
What is the units digit of 14172?
2
What is the thousands digit of 15543?
5
What is the hundreds digit of 10494?
4
What is the units digit of 148298?
8
What is the thousands digit of 18290?
8
What is the units digit of 3106?
6
What is the hundreds digit of 1034?
0
What is the ten thousands digit of 22892?
2
What is the thousands digit of 102654?
2
What is the hundreds digit of 242?
2
What is the ten thousands digit of 23496?
2
What is the units digit of 551?
1
What is the thousands digit of 118267?
8
What is the hundreds digit of 1744?
7
What is the units digit of 36?
6
What is the thousands digit of 2849?
2
What is the tens digit of 1754?
5
What is the thousands digit of 1494?
1
What is the tens digit of 27986?
8
What is the tens digit of 2614?
1
What is the tens digit of 17850?
5
What is the units digit of 79?
9
What is the hundreds digit of 249?
2
What is the hundreds digit of 15064?
0
What is the tens digit of 411?
1
What is the hundreds digit of 323?
3
What is the thousands digit of 1399?
1
What is the thousands digit of 34875?
4
What is the tens digit of 4123?
2
What is the tens digit of 107890?
9
What is the units digit of 110?
0
What is the hundreds digit of 4749?
7
What is the tens digit of 627?
2
What is the thousands digit of 2927?
2
What is the units digit of 3547?
7
What is the thousands digit of 52605?
2
What is the hundreds digit of 1477?
4
What is the ten thousands digit of 39059?
3
What is the hundreds digit of 27259?
2
What is the tens digit of 720?
2
What is the tens digit of 7322?
2
What is the tens digit of 600?
0
What is the tens digit of 5240?
4
What is the hundred thousands digit of 122060?
1
What is the tens digit of 13019?
1
What is the hundreds digit of 33742?
7
What is the tens digit of 725?
2
What is the ten thousands digit of 64347?
6
What is the tens digit of 851?
5
What is the units digit of 2576?
6
What is the units digit of 7318?
8
What is the tens digit of 6739?
3
What is the units digit of 3039?
9
What is the thousands digit of 23682?
3
What is the tens digit of 295?
9
What is the ten thousands digit of 10267?
1
What is the units digit of 1733?
3
What is the hundreds digit of 1797?
7
What is the tens digit of 319?
1
What is the thousands digit of 3109?
3
What is the ten thousands digit of 29901?
2
What is the tens digit of 442?
4
What is the thousands digit of 1333?
1
What is the units digit of 376?
6
What is the hundreds digit of 7399?
3
What is the tens digit of 9392?
9
What is the ten thousands digit of 18070?
1
What is the units digit of 30275?
5
What is the thousands digit of 100149?
0
What is the ten thousands digit of 20950?
2
What is the units digit of 1837?
7
What is the ten thousands digit of 16232?
1
What is the units digit of 238?
8
What is the tens digit of 1997?
9
What is the hundreds digit of 2978?
9
What is the thousands digit of 22633?
2
What is the hundreds digit of 357?
3
What is the tens digit of 2115?
1
What is the hundred thousands digit of 125188?
1
What is the units digit of 6541?
1
What is the tens digit of 12107?
0
What is the hundreds digit of 46770?
7
What is the units digit of 47357?
7
What is the hundreds digit of 53454?
4
What is the tens digit of 1550?
5
What is the thousands digit of 16317?
6
What is the tens digit of 7890?
9
What is the thousands digit of 11794?
1
What is the ten thousands digit of 11019?
1
What is the units digit of 2722?
2
What is the tens digit of 66965?
6
What is the tens digit of 8853?
5
What is the ten thousands digit of 31894?
3
What is the hundreds digit of 12937?
9
What is the units digit of 1042?
2
What is the tens digit of 269?
6
What is the tens digit of 5333?
3
What is the tens digit of 3446?
4
What is the hundreds digit of 780?
7
What is the units digit of 6791?
1
What is the hundreds digit of 1286?
2
What is the thousands digit of 31811?
1
What is the units digit of 14227?
7
What is the hundreds digit of 4315?
3
What is the hundreds digit of 14041?
0
What is the units digit of 7282?
2
What is the hundreds digit of 1854?
8
What is the units digit of 1111?
1
What is the units digit of 40?
0
What is the ten thousands digit of 83274?
8
What is the tens digit of 3123?
2
What is the units digit of 23146?
6
What is the hundreds digit of 216?
2
What is the thousands digit of 6467?
6
What is the units digit of 1584?
4
What is the thousands digit of 133175?
3
What is the tens digit of 1388?
8
What is the tens digit of 6434?
3
What is the tens digit of 3625?
2
What is the thousands digit of 6127?
6
What is the tens digit of 112610?
1
What is the thousands digit of 78532?
8
What is the thousands digit of 44556?
4
What is the units digit of 1530?
0
What is the thousands digit of 1249?
1
What is the units digit of 12673?
3
What is the units digit of 22505?
5
What is the tens digit of 4400?
0
What is the thousands digit of 13897?
3
What is the tens digit of 1115?
1
What is the hundreds digit of 4980?
9
What is the tens digit of 5168?
6
What is the tens digit of 58277?
7
What is the tens digit of 304?
0
What is the ten thousands digit of 17072?
1
What is the thousands digit of 28602?
8
What is the hundreds digit of 43656?
6
What is the hundreds digit of 1826?
8
What is the hundreds digit of 1308?
3
What is the ten thousands digit of 40853?
4
What is the tens digit of 944?
4
What is the tens digit of 2143?
4
What is the tens digit of 152627?
2
What is the ten thousands digit of 45400?
4
What is the tens digit of 71506?
0
What is the thousands digit of 8780?
8
What is the tens digit of 561?
6
What is the tens digit of 13579?
7
What is the hundreds digit of 439?
4
What is the hundreds digit of 788?
7
What is the thousands digit of 23423?
3
What is the hundreds digit of 1620?
6
What is the hundreds digit of 23439?
4
What is the hundreds digit of 829?
8
What is the hundreds digit of 1972?
9
What is the units digit of 4144?
4
What is the thousands digit of 124804?
4
What is the hundreds digit of 53704?
7
What is the thousands digit of 6794?
6
What is the tens digit of 10236?
3
What is the units digit of 271?
1
What is the hundreds digit of 11677?
6
What is the units digit of 6068?
8
What is the ten thousands digit of 19589?
1
What is the hundreds digit of 1902?
9
What is the thousands digit of 5291?
5
What is the thousands digit of 69074?
9
What is the ten thousands digit of 25639?
2
What is the thousands digit of 5694?
5
What is the tens digit of 75619?
1
What is the hundreds digit of 5316?
3
What is the hundreds digit of 14447?
4
What is the ten thousands digit of 26026?
2
What is the tens digit of 4904?
0
What is the tens digit of 61?
6
What is the tens digit of 14614?
1
What is the units digit of 2800?
0
What is the thousands digit of 12889?
2
What is the units digit of 908?
8
What is the hundred thousands digit of 168891?
1
What is the units digit of 93604?
4
What is the ten thousands digit of 14790?
1
What is the thousands digit of 12924?
2
What is the tens digit of 33099?
9
What is the units digit of 86463?
3
What is the units digit of 2443?
3
What is the units digit of 189?
9
What is the tens digit of 2119?
1
What is the thousands digit of 3301?
3
What is the tens digit of 131320?
2
What is the tens digit of 8318?
1
What is the hundreds digit of 13265?
2
What is the units digit of 5294?
4
What is the tens digit of 47495?
9
What is the thousands digit of 8789?
8
What is the hundreds digit of 1147?
1
What is the tens digit of 494?
9
What is the ten thousands digit of 30686?
3
What is the ten thousands digit of 68936?
6
What is the ten thousands digit of 10307?
1
What is the units digit of 7712?
2
What is the hundreds digit of 2069?
0
What is the thousands digit of 9828?
9
What is the units digit of 1828?
8
What is the tens digit of 156?
5
What is the tens digit of 40099?
9
What is the tens digit of 62297?
9
What is the tens digit of 89558?
5
What is the tens digit of 18810?
1
What is the units digit of 31580?
0
What is the tens digit of 2234?
3
What is the units digit of 850?
0
What is the units digit of 2055?
5
What is the tens digit of 38724?
2
What is the units digit of 114122?
2
What is the hundred thousands dig